ed by 17.
14
Calculate the remainder when 267 is divided by 45.
42
What is the remainder when 851 is divided by 96?
83
What is the remainder when 117 is divided by 11?
7
Calculate the remainder when 350 is divided by 22.
20
Calculate the remainder when 1408 is divided by 15.
13
What is the remainder when 145 is divided by 78?
67
What is the remainder when 698 is divided by 14?
12
Calculate the remainder when 1134 is divided by 87.
3
Calculate the remainder when 46 is divided by 40.
6
Calculate the remainder when 1703 is divided by 19.
12
What is the remainder when 241 is divided by 36?
25
Calculate the remainder when 3546 is divided by 39.
36
Calculate the remainder when 351 is divided by 25.
1
Calculate the remainder when 939 is divided by 187.
4
What is the remainder when 485 is divided by 7?
2
What is the remainder when 224 is divided by 166?
58
Calculate the remainder when 20 is divided by 2.
0
Calculate the remainder when 852 is divided by 172.
164
What is the remainder when 607 is divided by 27?
13
What is the remainder when 462 is divided by 161?
140
Calculate the remainder when 306 is divided by 64.
50
What is the remainder when 208 is divided by 108?
100
Calculate the remainder when 8089 is divided by 28.
25
Calculate the remainder when 568 is divided by 182.
22
Calculate the remainder when 74 is divided by 21.
11
Calculate the remainder when 211 is divided by 36.
31
Calculate the remainder when 138 is divided by 136.
2
Calculate the remainder when 2855 is divided by 51.
50
What is the remainder when 163 is divided by 11?
9
Calculate the remainder when 48 is divided by 6.
0
Calculate the remainder when 359 is divided by 24.
23
Calculate the remainder when 570 is divided by 117.
102
Calculate the remainder when 247 is divided by 235.
12
Calculate the remainder when 1434 is divided by 554.
326
What is the remainder when 113 is divided by 24?
17
Calculate the remainder when 109 is divided by 4.
1
Calculate the remainder when 93 is divided by 21.
9
What is the remainder when 417 is divided by 205?
7
Calculate the remainder when 1006 is divided by 12.
10
Calculate the remainder when 167 is divided by 28.
27
Calculate the remainder when 782 is divided by 306.
170
What is the remainder when 58 is divided by 15?
13
Calculate the remainder when 165 is divided by 8.
5
What is the remainder when 1348 is divided by 169?
165
What is the remainder when 13823 is divided by 175?
173
What is the remainder when 565 is divided by 267?
31
What is the remainder when 1518 is divided by 68?
22
What is the remainder when 173 is divided by 51?
20
Calculate the remainder when 52 is divided by 14.
10
What is the remainder when 41 is divided by 16?
9
Calculate the remainder when 5235 is divided by 169.
165
Calculate the remainder when 615 is divided by 100.
15
Calculate the remainder when 68 is divided by 36.
32
Calculate the remainder when 96 is divided by 22.
8
What is the remainder when 840 is divided by 221?
177
Calculate the remainder when 352 is divided by 71.
68
What is the remainder when 4891 is divided by 94?
3
What is the remainder when 2296 is divided by 19?
16
What is the remainder when 25883 is divided by 9?
8
Calculate the remainder when 2258 is divided by 1110.
38
What is the remainder when 1198 is divided by 56?
22
What is the remainder when 97 is divided by 30?
7
Calculate the remainder when 85 is divided by 46.
39
Calculate the remainder when 240 is divided by 78.
6
Calculate the remainder when 15871 is divided by 9.
4
What is the remainder when 112 is divided by 27?
4
What is the remainder when 229 is divided by 10?
9
What is the remainder when 354 is divided by 51?
48
Calculate the remainder when 2832 is divided by 315.
312
Calculate the remainder when 12939 is divided by 10.
9
Calculate the remainder when 2026 is divided by 37.
28
What is the remainder when 54 is divided by 31?
23
Calculate the remainder when 67 is divided by 44.
23
Calculate the remainder when 790 is divided by 66.
64
What is the remainder when 2962 is divided by 39?
37
Calculate the remainder when 2213 is divided by 76.
9
Calculate the remainder when 49 is divided by 14.
7
Calculate the remainder when 4703 is divided by 214.
209
What is the remainder when 12251 is divided by 57?
53
Calculate the remainder when 223 is divided by 41.
18
Calculate the remainder when 359 is divided by 33.
29
What is the remainder when 46 is divided by 12?
10
Calculate the remainder when 130 is divided by 23.
15
Calculate the remainder when 215 is divided by 76.
63
What is the remainder when 565 is divided by 165?
70
What is the remainder when 126 is divided by 22?
16
Calculate the remainder when 338 is divided by 114.
110
Calculate the remainder when 178 is divided by 67.
44
Calculate the remainder when 692 is divided by 8.
4
What is the remainder when 670 is divided by 35?
5
Calculate the remainder when 90 is divided by 70.
20
Calculate the remainder when 226 is divided by 15.
1
What is the remainder when 2480 is divided by 54?
50
What is the remainder when 371 is divided by 3?
2
What is the remainder when 1414 is divided by 67?
7
What is the remainder when 66 is divided by 9?
3
What is the remainder when 4493 is divided by 214?
213
Calculate the remainder when 83 is divided by 17.
15
What is the remainder when 223 is divided by 59?
46
Calculate the remainder when 462 is divided by 166.
130
What is the remainder when 184 is divided by 50?
34
Calculate the remainder when 132 is divided by 47.
38
Calculate the remainder when 321 is divided by 81.
78
What is the remainder when 5330 is divided by 29?
23
Calculate the remainder when 1068 is divided by 37.
32
What is the remainder when 220 is divided by 48?
28
What is the remainder when 213 is divided by 58?
39
What is the remainder when 51 is divided by 4?
3
Calculate the remainder when 188 is divided by 39.
32
What is the remainder when 63 is divided by 54?
9
Calculate the remainder when 3779 is divided by 20.
19
Calculate the remainder when 6596 is divided by 9.
8
Calculate the remainder when 328 is divided by 83.
79
Calculate the remainder when 76 is divided by 20.
16
What is the remainder when 96 is divided by 87?
9
Calculate the remainder when 579 is divided by 10.
9
Calculate the remainder when 346 is divided by 163.
20
Calculate the remainder when 857 is divided by 11.
10
Calculate the remainder when 499 is divided by 133.
100
What is the remainder when 125 is divided by 36?
17
Calculate the remainder when 773 is divided by 62.
29
Calculate the remainder when 86 is divided by 45.
41
Calculate the remainder when 4745 is divided by 2368.
9
Calculate the remainder when 2277 is divided by 1131.
15
What is the remainder when 419 is divided by 6?
5
What is the remainder when 83 is divided by 66?
17
What is the remainder when 203 is divided by 15?
8
What is the remainder when 112 is divided by 3?
1
Calculate the remainder when 594 is divided by 282.
30
Calculate the remainder when 7100 is divided by 48.
44
Calculate the remainder when 106 is divided by 53.
0
What is the remainder when 148 is divided by 32?
20
Calculate the remainder when 64 is divided by 24.
16
Calculate the remainder when 767 is divided by 128.
127
What is the remainder when 151 is divided by 51?
49
Calculate the remainder when 1761 is divided by 98.
95
Calculate the remainder when 65 is divided by 24.
17
What is the remainder when 5743 is divided by 15?
13
What is the remainder when 1422 is divided by 474?
0
Calculate the remainder when 274 is divided by 81.
31
What is the remainder when 8546 is divided by 95?
91
Calculate the remainder when 466 is divided by 67.
64
Calculate the remainder when 96 is divided by 50.
46
Calculate the remainder when 349 is divided by 38.
7
Calculate the remainder when 415 is divided by 35.
30
What is the remainder when 1145 is divided by 14?
11
Calculate the remainder when 30 is divided by 6.
0
Calculate the remainder when 195 is divided by 130.
65
Calculate the remainder when 63 is divided by 14.
7
What is the remainder when 20 is divided by 3?
2
Calculate the remainder when 495 is divided by 173.
149
What is the remainder when 16747 is divided by 5?
2
What is the remainder when 70 is divided by 37?
33
Calculate the remainder when 893 is divi